{"id":9004,"date":"2020-04-08T22:32:10","date_gmt":"2020-04-08T21:32:10","guid":{"rendered":"https:\/\/www.bredinprat.fr\/?page_id=9004"},"modified":"2021-05-05T15:00:17","modified_gmt":"2021-05-05T14:00:17","slug":"protection_des_donnes_personnelles","status":"publish","type":"page","link":"https:\/\/www.bredinprat.fr\/fr\/protection_des_donnes_personnelles\/","title":{"rendered":"Politique de protection des donn\u00e9es personnelles"},"content":{"rendered":"<p>Bredin Prat est soucieux de la protection des Donn\u00e9es \u00e0 Caract\u00e8re Personnel de ses Clients et s\u2019engage \u00e0 traiter ces donn\u00e9es conform\u00e9ment \u00e0 la loi n\u00b078-17 du 6 janvier 1978 relative \u00e0 l\u2019informatique, aux fichiers et aux libert\u00e9s (version modifi\u00e9e) et du R\u00e8glement G\u00e9n\u00e9ral sur la Protection des Donn\u00e9es du 27 avril 2016 (RGPD).<\/p>\n<p><span style=\"color: #0000ff;\"><a style=\"color: #0000ff;\" href=\"https:\/\/www.bredinprat.fr\/wp-content\/uploads\/2021\/05\/BredinPrat_Politique_de_protection_des_donnees_personnelles.pdf\" target=\"_blank\" rel=\"noopener noreferrer\"><span style=\"color: #0000ff;\">Cliquez ici<\/span><\/a> <\/span>pour t\u00e9l\u00e9charger notre politique de protection des donn\u00e9es personnelles.<\/p>\n","protected":false},"excerpt":{"rendered":"<p>Bredin Prat est soucieux de la protection des Donn\u00e9es \u00e0 Caract\u00e8re Personnel de ses Clients et s\u2019engage \u00e0 traiter ces donn\u00e9es conform\u00e9ment \u00e0 la loi n\u00b078-17 du 6 janvier 1978 relative \u00e0 l\u2019informatique, aux fichiers et aux libert\u00e9s (version modifi\u00e9e) et du R\u00e8glement G\u00e9n\u00e9ral sur la Protection des Donn\u00e9es du 27 avril 2016 (RGPD). Cliquez ..<br \/><a href=\"https:\/\/www.bredinprat.fr\/fr\/protection_des_donnes_personnelles\/\">Read More&#8230;<\/a><\/p>\n","protected":false},"author":7,"featured_media":1501,"parent":0,"menu_order":0,"comment_status":"closed","ping_status":"closed","template":"page-template\/privacy.php","meta":{"_acf_changed":false,"footnotes":""},"class_list":["post-9004","page","type-page","status-publish","has-post-thumbnail","hentry"],"acf":[],"yoast_head":"<!-- This site is optimized with the Yoast SEO plugin v26.4 - https:\/\/yoast.com\/wordpress\/plugins\/seo\/ -->\n<title>Politique de protection des donn\u00e9es personnelles - Bredin Prat<\/title>\n<meta name=\"robots\" content=\"index, follow, max-snippet:-1, max-image-preview:large, max-video-preview:-1\" \/>\n<link rel=\"canonical\" href=\"https:\/\/www.bredinprat.fr\/fr\/protection_des_donnes_personnelles\/\" \/>\n<meta property=\"og:locale\" content=\"fr_FR\" \/>\n<meta property=\"og:type\" content=\"article\" \/>\n<meta property=\"og:title\" content=\"Politique de protection des donn\u00e9es personnelles - Bredin Prat\" \/>\n<meta property=\"og:description\" content=\"Bredin Prat est soucieux de la protection des Donn\u00e9es \u00e0 Caract\u00e8re Personnel de ses Clients et s\u2019engage \u00e0 traiter ces donn\u00e9es conform\u00e9ment \u00e0 la loi n\u00b078-17 du 6 janvier 1978 relative \u00e0 l\u2019informatique, aux fichiers et aux libert\u00e9s (version modifi\u00e9e) et du R\u00e8glement G\u00e9n\u00e9ral sur la Protection des Donn\u00e9es du 27 avril 2016 (RGPD). Cliquez ..Read More...\" \/>\n<meta property=\"og:url\" content=\"https:\/\/www.bredinprat.fr\/fr\/protection_des_donnes_personnelles\/\" \/>\n<meta property=\"og:site_name\" content=\"Bredin Prat\" \/>\n<meta property=\"article:modified_time\" content=\"2021-05-05T14:00:17+00:00\" \/>\n<meta property=\"og:image\" content=\"https:\/\/www.bredinprat.fr\/wp-content\/uploads\/2016\/12\/IMG_3740-e1485279431944.jpg\" \/>\n\t<meta property=\"og:image:width\" content=\"565\" \/>\n\t<meta property=\"og:image:height\" content=\"493\" \/>\n\t<meta property=\"og:image:type\" content=\"image\/jpeg\" \/>\n<meta name=\"twitter:card\" content=\"summary_large_image\" \/>\n<script type=\"application\/ld+json\" class=\"yoast-schema-graph\">{\"@context\":\"https:\/\/schema.org\",\"@graph\":[{\"@type\":\"WebPage\",\"@id\":\"https:\/\/www.bredinprat.fr\/fr\/protection_des_donnes_personnelles\/\",\"url\":\"https:\/\/www.bredinprat.fr\/fr\/protection_des_donnes_personnelles\/\",\"name\":\"Politique de protection des donn\u00e9es personnelles - Bredin Prat\",\"isPartOf\":{\"@id\":\"https:\/\/www.bredinprat.fr\/fr\/#website\"},\"primaryImageOfPage\":{\"@id\":\"https:\/\/www.bredinprat.fr\/fr\/protection_des_donnes_personnelles\/#primaryimage\"},\"image\":{\"@id\":\"https:\/\/www.bredinprat.fr\/fr\/protection_des_donnes_personnelles\/#primaryimage\"},\"thumbnailUrl\":\"https:\/\/www.bredinprat.fr\/wp-content\/uploads\/2016\/12\/IMG_3740-e1485279431944.jpg\",\"datePublished\":\"2020-04-08T21:32:10+00:00\",\"dateModified\":\"2021-05-05T14:00:17+00:00\",\"breadcrumb\":{\"@id\":\"https:\/\/www.bredinprat.fr\/fr\/protection_des_donnes_personnelles\/#breadcrumb\"},\"inLanguage\":\"fr-FR\",\"potentialAction\":[{\"@type\":\"ReadAction\",\"target\":[\"https:\/\/www.bredinprat.fr\/fr\/protection_des_donnes_personnelles\/\"]}]},{\"@type\":\"ImageObject\",\"inLanguage\":\"fr-FR\",\"@id\":\"https:\/\/www.bredinprat.fr\/fr\/protection_des_donnes_personnelles\/#primaryimage\",\"url\":\"https:\/\/www.bredinprat.fr\/wp-content\/uploads\/2016\/12\/IMG_3740-e1485279431944.jpg\",\"contentUrl\":\"https:\/\/www.bredinprat.fr\/wp-content\/uploads\/2016\/12\/IMG_3740-e1485279431944.jpg\",\"width\":565,\"height\":493},{\"@type\":\"BreadcrumbList\",\"@id\":\"https:\/\/www.bredinprat.fr\/fr\/protection_des_donnes_personnelles\/#breadcrumb\",\"itemListElement\":[{\"@type\":\"ListItem\",\"position\":1,\"name\":\"Accueil\",\"item\":\"https:\/\/www.bredinprat.fr\/fr\/\"},{\"@type\":\"ListItem\",\"position\":2,\"name\":\"Politique de protection des donn\u00e9es personnelles\"}]},{\"@type\":\"WebSite\",\"@id\":\"https:\/\/www.bredinprat.fr\/fr\/#website\",\"url\":\"https:\/\/www.bredinprat.fr\/fr\/\",\"name\":\"Bredin Prat\",\"description\":\"Cabinet d&#039;avocats fran\u00e7ais ind\u00e9pendant \u00e0 Paris et \u00e0 Bruxelles\",\"publisher\":{\"@id\":\"https:\/\/www.bredinprat.fr\/fr\/#organization\"},\"potentialAction\":[{\"@type\":\"SearchAction\",\"target\":{\"@type\":\"EntryPoint\",\"urlTemplate\":\"https:\/\/www.bredinprat.fr\/fr\/?s={search_term_string}\"},\"query-input\":{\"@type\":\"PropertyValueSpecification\",\"valueRequired\":true,\"valueName\":\"search_term_string\"}}],\"inLanguage\":\"fr-FR\"},{\"@type\":\"Organization\",\"@id\":\"https:\/\/www.bredinprat.fr\/fr\/#organization\",\"name\":\"Bredin Prat\",\"url\":\"https:\/\/www.bredinprat.fr\/fr\/\",\"logo\":{\"@type\":\"ImageObject\",\"inLanguage\":\"fr-FR\",\"@id\":\"https:\/\/www.bredinprat.fr\/fr\/#\/schema\/logo\/image\/\",\"url\":\"https:\/\/www.bredinprat.fr\/wp-content\/uploads\/2015\/10\/Logo_BP.gif\",\"contentUrl\":\"https:\/\/www.bredinprat.fr\/wp-content\/uploads\/2015\/10\/Logo_BP.gif\",\"width\":4246,\"height\":258,\"caption\":\"Bredin Prat\"},\"image\":{\"@id\":\"https:\/\/www.bredinprat.fr\/fr\/#\/schema\/logo\/image\/\"}}]}<\/script>\n<!-- \/ Yoast SEO plugin. -->","yoast_head_json":{"title":"Politique de protection des donn\u00e9es personnelles - Bredin Prat","robots":{"index":"index","follow":"follow","max-snippet":"max-snippet:-1","max-image-preview":"max-image-preview:large","max-video-preview":"max-video-preview:-1"},"canonical":"https:\/\/www.bredinprat.fr\/fr\/protection_des_donnes_personnelles\/","og_locale":"fr_FR","og_type":"article","og_title":"Politique de protection des donn\u00e9es personnelles - Bredin Prat","og_description":"Bredin Prat est soucieux de la protection des Donn\u00e9es \u00e0 Caract\u00e8re Personnel de ses Clients et s\u2019engage \u00e0 traiter ces donn\u00e9es conform\u00e9ment \u00e0 la loi n\u00b078-17 du 6 janvier 1978 relative \u00e0 l\u2019informatique, aux fichiers et aux libert\u00e9s (version modifi\u00e9e) et du R\u00e8glement G\u00e9n\u00e9ral sur la Protection des Donn\u00e9es du 27 avril 2016 (RGPD). Cliquez ..Read More...","og_url":"https:\/\/www.bredinprat.fr\/fr\/protection_des_donnes_personnelles\/","og_site_name":"Bredin Prat","article_modified_time":"2021-05-05T14:00:17+00:00","og_image":[{"width":565,"height":493,"url":"https:\/\/www.bredinprat.fr\/wp-content\/uploads\/2016\/12\/IMG_3740-e1485279431944.jpg","type":"image\/jpeg"}],"twitter_card":"summary_large_image","schema":{"@context":"https:\/\/schema.org","@graph":[{"@type":"WebPage","@id":"https:\/\/www.bredinprat.fr\/fr\/protection_des_donnes_personnelles\/","url":"https:\/\/www.bredinprat.fr\/fr\/protection_des_donnes_personnelles\/","name":"Politique de protection des donn\u00e9es personnelles - Bredin Prat","isPartOf":{"@id":"https:\/\/www.bredinprat.fr\/fr\/#website"},"primaryImageOfPage":{"@id":"https:\/\/www.bredinprat.fr\/fr\/protection_des_donnes_personnelles\/#primaryimage"},"image":{"@id":"https:\/\/www.bredinprat.fr\/fr\/protection_des_donnes_personnelles\/#primaryimage"},"thumbnailUrl":"https:\/\/www.bredinprat.fr\/wp-content\/uploads\/2016\/12\/IMG_3740-e1485279431944.jpg","datePublished":"2020-04-08T21:32:10+00:00","dateModified":"2021-05-05T14:00:17+00:00","breadcrumb":{"@id":"https:\/\/www.bredinprat.fr\/fr\/protection_des_donnes_personnelles\/#breadcrumb"},"inLanguage":"fr-FR","potentialAction":[{"@type":"ReadAction","target":["https:\/\/www.bredinprat.fr\/fr\/protection_des_donnes_personnelles\/"]}]},{"@type":"ImageObject","inLanguage":"fr-FR","@id":"https:\/\/www.bredinprat.fr\/fr\/protection_des_donnes_personnelles\/#primaryimage","url":"https:\/\/www.bredinprat.fr\/wp-content\/uploads\/2016\/12\/IMG_3740-e1485279431944.jpg","contentUrl":"https:\/\/www.bredinprat.fr\/wp-content\/uploads\/2016\/12\/IMG_3740-e1485279431944.jpg","width":565,"height":493},{"@type":"BreadcrumbList","@id":"https:\/\/www.bredinprat.fr\/fr\/protection_des_donnes_personnelles\/#breadcrumb","itemListElement":[{"@type":"ListItem","position":1,"name":"Accueil","item":"https:\/\/www.bredinprat.fr\/fr\/"},{"@type":"ListItem","position":2,"name":"Politique de protection des donn\u00e9es personnelles"}]},{"@type":"WebSite","@id":"https:\/\/www.bredinprat.fr\/fr\/#website","url":"https:\/\/www.bredinprat.fr\/fr\/","name":"Bredin Prat","description":"Cabinet d&#039;avocats fran\u00e7ais ind\u00e9pendant \u00e0 Paris et \u00e0 Bruxelles","publisher":{"@id":"https:\/\/www.bredinprat.fr\/fr\/#organization"},"potentialAction":[{"@type":"SearchAction","target":{"@type":"EntryPoint","urlTemplate":"https:\/\/www.bredinprat.fr\/fr\/?s={search_term_string}"},"query-input":{"@type":"PropertyValueSpecification","valueRequired":true,"valueName":"search_term_string"}}],"inLanguage":"fr-FR"},{"@type":"Organization","@id":"https:\/\/www.bredinprat.fr\/fr\/#organization","name":"Bredin Prat","url":"https:\/\/www.bredinprat.fr\/fr\/","logo":{"@type":"ImageObject","inLanguage":"fr-FR","@id":"https:\/\/www.bredinprat.fr\/fr\/#\/schema\/logo\/image\/","url":"https:\/\/www.bredinprat.fr\/wp-content\/uploads\/2015\/10\/Logo_BP.gif","contentUrl":"https:\/\/www.bredinprat.fr\/wp-content\/uploads\/2015\/10\/Logo_BP.gif","width":4246,"height":258,"caption":"Bredin Prat"},"image":{"@id":"https:\/\/www.bredinprat.fr\/fr\/#\/schema\/logo\/image\/"}}]}},"_links":{"self":[{"href":"https:\/\/www.bredinprat.fr\/fr\/wp-json\/wp\/v2\/pages\/9004","targetHints":{"allow":["GET"]}}],"collection":[{"href":"https:\/\/www.bredinprat.fr\/fr\/wp-json\/wp\/v2\/pages"}],"about":[{"href":"https:\/\/www.bredinprat.fr\/fr\/wp-json\/wp\/v2\/types\/page"}],"author":[{"embeddable":true,"href":"https:\/\/www.bredinprat.fr\/fr\/wp-json\/wp\/v2\/users\/7"}],"replies":[{"embeddable":true,"href":"https:\/\/www.bredinprat.fr\/fr\/wp-json\/wp\/v2\/comments?post=9004"}],"version-history":[{"count":5,"href":"https:\/\/www.bredinprat.fr\/fr\/wp-json\/wp\/v2\/pages\/9004\/revisions"}],"predecessor-version":[{"id":13264,"href":"https:\/\/www.bredinprat.fr\/fr\/wp-json\/wp\/v2\/pages\/9004\/revisions\/13264"}],"wp:featuredmedia":[{"embeddable":true,"href":"https:\/\/www.bredinprat.fr\/fr\/wp-json\/wp\/v2\/media\/1501"}],"wp:attachment":[{"href":"https:\/\/www.bredinprat.fr\/fr\/wp-json\/wp\/v2\/media?parent=9004"}],"curies":[{"name":"wp","href":"https:\/\/api.w.org\/{rel}","templated":true}]}}

Politique de protection des données personnelles

<p>Bredin Prat est soucieux de la protection des Données à Caractère Personnel de ses Clients et s’engage à traiter ces données conformément à la loi n°78-17 du 6 janvier 1978 relative à l’informatique, aux fichiers et aux libertés (version modifiée) et du Règlement Général sur la Protection des Données du 27 avril 2016 (RGPD).</p>
<p><span style="color: #0000ff;"><a style="color: #0000ff;" href="https://www.bredinprat.fr/wp-content/uploads/2021/05/BredinPrat_Politique_de_protection_des_donnees_personnelles.pdf" target="_blank" rel="noopener noreferrer"><span style="color: #0000ff;">Cliquez ici</span></a> </span>pour télécharger notre politique de protection des données personnelles.</p>

<p>Bredin Prat est soucieux de la protection des Données à Caractère Personnel de ses Clients et s’engage à traiter ces données conformément à la loi n°78-17 du 6 janvier 1978 relative à l’informatique, aux fichiers et aux libertés (version modifiée) et du Règlement Général sur la Protection des Données du 27 avril 2016 (RGPD). Cliquez ..<br /><a href="https://www.bredinprat.fr/fr/protection_des_donnes_personnelles/">Read More&#8230;</a></p>

<!-- This site is optimized with the Yoast SEO plugin v26.4 - https://yoast.com/wordpress/plugins/seo/ -->
<title>Politique de protection des données personnelles - Bredin Prat</title>
<meta name="robots" content="index, follow, max-snippet:-1, max-image-preview:large, max-video-preview:-1" />
<link rel="canonical" href="https://www.bredinprat.fr/fr/protection_des_donnes_personnelles/" />
<meta property="og:locale" content="fr_FR" />
<meta property="og:type" content="article" />
<meta property="og:title" content="Politique de protection des données personnelles - Bredin Prat" />
<meta property="og:description" content="Bredin Prat est soucieux de la protection des Données à Caractère Personnel de ses Clients et s’engage à traiter ces données conformément à la loi n°78-17 du 6 janvier 1978 relative à l’informatique, aux fichiers et aux libertés (version modifiée) et du Règlement Général sur la Protection des Données du 27 avril 2016 (RGPD). Cliquez ..Read More..." />
<meta property="og:url" content="https://www.bredinprat.fr/fr/protection_des_donnes_personnelles/" />
<meta property="og:site_name" content="Bredin Prat" />
<meta property="article:modified_time" content="2021-05-05T14:00:17+00:00" />
<meta property="og:image" content="https://www.bredinprat.fr/wp-content/uploads/2016/12/IMG_3740-e1485279431944.jpg" />
	<meta property="og:image:width" content="565" />
	<meta property="og:image:height" content="493" />
	<meta property="og:image:type" content="image/jpeg" />
<meta name="twitter:card" content="summary_large_image" />
<script type="application/ld+json" class="yoast-schema-graph">{"@context":"https://schema.org","@graph":[{"@type":"WebPage","@id":"https://www.bredinprat.fr/fr/protection_des_donnes_personnelles/","url":"https://www.bredinprat.fr/fr/protection_des_donnes_personnelles/","name":"Politique de protection des données personnelles - Bredin Prat","isPartOf":{"@id":"https://www.bredinprat.fr/fr/#website"},"primaryImageOfPage":{"@id":"https://www.bredinprat.fr/fr/protection_des_donnes_personnelles/#primaryimage"},"image":{"@id":"https://www.bredinprat.fr/fr/protection_des_donnes_personnelles/#primaryimage"},"thumbnailUrl":"https://www.bredinprat.fr/wp-content/uploads/2016/12/IMG_3740-e1485279431944.jpg","datePublished":"2020-04-08T21:32:10+00:00","dateModified":"2021-05-05T14:00:17+00:00","breadcrumb":{"@id":"https://www.bredinprat.fr/fr/protection_des_donnes_personnelles/#breadcrumb"},"inLanguage":"fr-FR","potentialAction":[{"@type":"ReadAction","target":["https://www.bredinprat.fr/fr/protection_des_donnes_personnelles/"]}]},{"@type":"ImageObject","inLanguage":"fr-FR","@id":"https://www.bredinprat.fr/fr/protection_des_donnes_personnelles/#primaryimage","url":"https://www.bredinprat.fr/wp-content/uploads/2016/12/IMG_3740-e1485279431944.jpg","contentUrl":"https://www.bredinprat.fr/wp-content/uploads/2016/12/IMG_3740-e1485279431944.jpg","width":565,"height":493},{"@type":"BreadcrumbList","@id":"https://www.bredinprat.fr/fr/protection_des_donnes_personnelles/#breadcrumb","itemListElement":[{"@type":"ListItem","position":1,"name":"Accueil","item":"https://www.bredinprat.fr/fr/"},{"@type":"ListItem","position":2,"name":"Politique de protection des données personnelles"}]},{"@type":"WebSite","@id":"https://www.bredinprat.fr/fr/#website","url":"https://www.bredinprat.fr/fr/","name":"Bredin Prat","description":"Cabinet d&#039;avocats français indépendant à Paris et à Bruxelles","publisher":{"@id":"https://www.bredinprat.fr/fr/#organization"},"potentialAction":[{"@type":"SearchAction","target":{"@type":"EntryPoint","urlTemplate":"https://www.bredinprat.fr/fr/?s={search_term_string}"},"query-input":{"@type":"PropertyValueSpecification","valueRequired":true,"valueName":"search_term_string"}}],"inLanguage":"fr-FR"},{"@type":"Organization","@id":"https://www.bredinprat.fr/fr/#organization","name":"Bredin Prat","url":"https://www.bredinprat.fr/fr/","logo":{"@type":"ImageObject","inLanguage":"fr-FR","@id":"https://www.bredinprat.fr/fr/#/schema/logo/image/","url":"https://www.bredinprat.fr/wp-content/uploads/2015/10/Logo_BP.gif","contentUrl":"https://www.bredinprat.fr/wp-content/uploads/2015/10/Logo_BP.gif","width":4246,"height":258,"caption":"Bredin Prat"},"image":{"@id":"https://www.bredinprat.fr/fr/#/schema/logo/image/"}}]}</script>
<!-- / Yoast SEO plugin. -->

Politique de protection des données personnelles - Bredin Prat

Bredin Prat est soucieux de la protection des Données à Caractère Personnel de ses Clients et s’engage à traiter ces données conformément à la loi n°78-17 du 6 janvier 1978 relative à l’informatique, aux fichiers et aux libertés (version modifiée) et du Règlement Général sur la Protection des Données du 27 avril 2016 (RGPD). Cliquez ..Read More...

Cabinet d&#039;avocats français indépendant à Paris et à Bruxelles
