{"id":20,"date":"2015-10-22T10:31:59","date_gmt":"2015-10-22T09:31:59","guid":{"rendered":"http:\/\/bredin-prat.dev\/?page_id=20"},"modified":"2021-01-23T17:52:33","modified_gmt":"2021-01-23T16:52:33","slug":"competences-text","status":"publish","type":"page","link":"https:\/\/www.bredinprat.fr\/fr\/competences-text\/","title":{"rendered":"Comp\u00e9tences"},"content":{"rendered":"<p>Bredin Prat sert au mieux les int\u00e9r\u00eats d\u2019une client\u00e8le fran\u00e7aise et internationale dans le cadre d\u2019op\u00e9rations transactionnelles et de contentieux sensibles, nationaux ou transfrontaliers.<\/p>\n<p>Depuis toujours, au sein des \u00e9quipes de Bredin Prat, la scission entre les affaires contentieuses et <em>corporate<\/em> n\u2019existe pas r\u00e9ellement. Cette organisation du cabinet facilite la fluidit\u00e9 de travail dans ses diff\u00e9rents domaines de comp\u00e9tences et lui permet ainsi d\u2019accompagner les clients tout au long de leurs projets, quelles qu\u2019en soient la nature et l\u2019\u00e9volution.<\/p>\n","protected":false},"excerpt":{"rendered":"<p>Bredin Prat sert au mieux les int\u00e9r\u00eats d\u2019une client\u00e8le fran\u00e7aise et internationale dans le cadre d\u2019op\u00e9rations transactionnelles et de contentieux sensibles, nationaux ou transfrontaliers. Depuis toujours, au sein des \u00e9quipes de Bredin Prat, la scission entre les affaires contentieuses et corporate n\u2019existe pas r\u00e9ellement. Cette organisation du cabinet facilite la fluidit\u00e9 de travail dans ses ..<br \/><a href=\"https:\/\/www.bredinprat.fr\/fr\/competences-text\/\">Read More&#8230;<\/a><\/p>\n","protected":false},"author":8,"featured_media":0,"parent":0,"menu_order":9,"comment_status":"closed","ping_status":"closed","template":"","meta":{"_acf_changed":false,"footnotes":""},"class_list":["post-20","page","type-page","status-publish","hentry"],"acf":[],"yoast_head":"<!-- This site is optimized with the Yoast SEO plugin v26.4 - https:\/\/yoast.com\/wordpress\/plugins\/seo\/ -->\n<title>Comp\u00e9tences | Bredin Prat<\/title>\n<meta name=\"description\" content=\"Bredin Prat sert au mieux les int\u00e9r\u00eats d\u2019une client\u00e8le fran\u00e7aise et internationale dans le cadre d\u2019op\u00e9rations transactionnelles et de contentieux sensibles, nationaux ou transfrontaliers.\" \/>\n<meta name=\"robots\" content=\"index, follow, max-snippet:-1, max-image-preview:large, max-video-preview:-1\" \/>\n<link rel=\"canonical\" href=\"https:\/\/www.bredinprat.fr\/fr\/competences-text\/\" \/>\n<meta property=\"og:locale\" content=\"fr_FR\" \/>\n<meta property=\"og:type\" content=\"article\" \/>\n<meta property=\"og:title\" content=\"Comp\u00e9tences | Bredin Prat\" \/>\n<meta property=\"og:description\" content=\"Bredin Prat sert au mieux les int\u00e9r\u00eats d\u2019une client\u00e8le fran\u00e7aise et internationale dans le cadre d\u2019op\u00e9rations transactionnelles et de contentieux sensibles, nationaux ou transfrontaliers.\" \/>\n<meta property=\"og:url\" content=\"https:\/\/www.bredinprat.fr\/fr\/competences-text\/\" \/>\n<meta property=\"og:site_name\" content=\"Bredin Prat\" \/>\n<meta property=\"article:modified_time\" content=\"2021-01-23T16:52:33+00:00\" \/>\n<meta name=\"twitter:card\" content=\"summary_large_image\" \/>\n<script type=\"application\/ld+json\" class=\"yoast-schema-graph\">{\"@context\":\"https:\/\/schema.org\",\"@graph\":[{\"@type\":\"WebPage\",\"@id\":\"https:\/\/www.bredinprat.fr\/fr\/competences-text\/\",\"url\":\"https:\/\/www.bredinprat.fr\/fr\/competences-text\/\",\"name\":\"Comp\u00e9tences | Bredin Prat\",\"isPartOf\":{\"@id\":\"https:\/\/www.bredinprat.fr\/fr\/#website\"},\"datePublished\":\"2015-10-22T09:31:59+00:00\",\"dateModified\":\"2021-01-23T16:52:33+00:00\",\"description\":\"Bredin Prat sert au mieux les int\u00e9r\u00eats d\u2019une client\u00e8le fran\u00e7aise et internationale dans le cadre d\u2019op\u00e9rations transactionnelles et de contentieux sensibles, nationaux ou transfrontaliers.\",\"breadcrumb\":{\"@id\":\"https:\/\/www.bredinprat.fr\/fr\/competences-text\/#breadcrumb\"},\"inLanguage\":\"fr-FR\",\"potentialAction\":[{\"@type\":\"ReadAction\",\"target\":[\"https:\/\/www.bredinprat.fr\/fr\/competences-text\/\"]}]},{\"@type\":\"BreadcrumbList\",\"@id\":\"https:\/\/www.bredinprat.fr\/fr\/competences-text\/#breadcrumb\",\"itemListElement\":[{\"@type\":\"ListItem\",\"position\":1,\"name\":\"Accueil\",\"item\":\"https:\/\/www.bredinprat.fr\/fr\/\"},{\"@type\":\"ListItem\",\"position\":2,\"name\":\"Comp\u00e9tences\"}]},{\"@type\":\"WebSite\",\"@id\":\"https:\/\/www.bredinprat.fr\/fr\/#website\",\"url\":\"https:\/\/www.bredinprat.fr\/fr\/\",\"name\":\"Bredin Prat\",\"description\":\"Cabinet d&#039;avocats fran\u00e7ais ind\u00e9pendant \u00e0 Paris et \u00e0 Bruxelles\",\"publisher\":{\"@id\":\"https:\/\/www.bredinprat.fr\/fr\/#organization\"},\"potentialAction\":[{\"@type\":\"SearchAction\",\"target\":{\"@type\":\"EntryPoint\",\"urlTemplate\":\"https:\/\/www.bredinprat.fr\/fr\/?s={search_term_string}\"},\"query-input\":{\"@type\":\"PropertyValueSpecification\",\"valueRequired\":true,\"valueName\":\"search_term_string\"}}],\"inLanguage\":\"fr-FR\"},{\"@type\":\"Organization\",\"@id\":\"https:\/\/www.bredinprat.fr\/fr\/#organization\",\"name\":\"Bredin Prat\",\"url\":\"https:\/\/www.bredinprat.fr\/fr\/\",\"logo\":{\"@type\":\"ImageObject\",\"inLanguage\":\"fr-FR\",\"@id\":\"https:\/\/www.bredinprat.fr\/fr\/#\/schema\/logo\/image\/\",\"url\":\"https:\/\/www.bredinprat.fr\/wp-content\/uploads\/2015\/10\/Logo_BP.gif\",\"contentUrl\":\"https:\/\/www.bredinprat.fr\/wp-content\/uploads\/2015\/10\/Logo_BP.gif\",\"width\":4246,\"height\":258,\"caption\":\"Bredin Prat\"},\"image\":{\"@id\":\"https:\/\/www.bredinprat.fr\/fr\/#\/schema\/logo\/image\/\"}}]}<\/script>\n<!-- \/ Yoast SEO plugin. -->","yoast_head_json":{"title":"Comp\u00e9tences | Bredin Prat","description":"Bredin Prat sert au mieux les int\u00e9r\u00eats d\u2019une client\u00e8le fran\u00e7aise et internationale dans le cadre d\u2019op\u00e9rations transactionnelles et de contentieux sensibles, nationaux ou transfrontaliers.","robots":{"index":"index","follow":"follow","max-snippet":"max-snippet:-1","max-image-preview":"max-image-preview:large","max-video-preview":"max-video-preview:-1"},"canonical":"https:\/\/www.bredinprat.fr\/fr\/competences-text\/","og_locale":"fr_FR","og_type":"article","og_title":"Comp\u00e9tences | Bredin Prat","og_description":"Bredin Prat sert au mieux les int\u00e9r\u00eats d\u2019une client\u00e8le fran\u00e7aise et internationale dans le cadre d\u2019op\u00e9rations transactionnelles et de contentieux sensibles, nationaux ou transfrontaliers.","og_url":"https:\/\/www.bredinprat.fr\/fr\/competences-text\/","og_site_name":"Bredin Prat","article_modified_time":"2021-01-23T16:52:33+00:00","twitter_card":"summary_large_image","schema":{"@context":"https:\/\/schema.org","@graph":[{"@type":"WebPage","@id":"https:\/\/www.bredinprat.fr\/fr\/competences-text\/","url":"https:\/\/www.bredinprat.fr\/fr\/competences-text\/","name":"Comp\u00e9tences | Bredin Prat","isPartOf":{"@id":"https:\/\/www.bredinprat.fr\/fr\/#website"},"datePublished":"2015-10-22T09:31:59+00:00","dateModified":"2021-01-23T16:52:33+00:00","description":"Bredin Prat sert au mieux les int\u00e9r\u00eats d\u2019une client\u00e8le fran\u00e7aise et internationale dans le cadre d\u2019op\u00e9rations transactionnelles et de contentieux sensibles, nationaux ou transfrontaliers.","breadcrumb":{"@id":"https:\/\/www.bredinprat.fr\/fr\/competences-text\/#breadcrumb"},"inLanguage":"fr-FR","potentialAction":[{"@type":"ReadAction","target":["https:\/\/www.bredinprat.fr\/fr\/competences-text\/"]}]},{"@type":"BreadcrumbList","@id":"https:\/\/www.bredinprat.fr\/fr\/competences-text\/#breadcrumb","itemListElement":[{"@type":"ListItem","position":1,"name":"Accueil","item":"https:\/\/www.bredinprat.fr\/fr\/"},{"@type":"ListItem","position":2,"name":"Comp\u00e9tences"}]},{"@type":"WebSite","@id":"https:\/\/www.bredinprat.fr\/fr\/#website","url":"https:\/\/www.bredinprat.fr\/fr\/","name":"Bredin Prat","description":"Cabinet d&#039;avocats fran\u00e7ais ind\u00e9pendant \u00e0 Paris et \u00e0 Bruxelles","publisher":{"@id":"https:\/\/www.bredinprat.fr\/fr\/#organization"},"potentialAction":[{"@type":"SearchAction","target":{"@type":"EntryPoint","urlTemplate":"https:\/\/www.bredinprat.fr\/fr\/?s={search_term_string}"},"query-input":{"@type":"PropertyValueSpecification","valueRequired":true,"valueName":"search_term_string"}}],"inLanguage":"fr-FR"},{"@type":"Organization","@id":"https:\/\/www.bredinprat.fr\/fr\/#organization","name":"Bredin Prat","url":"https:\/\/www.bredinprat.fr\/fr\/","logo":{"@type":"ImageObject","inLanguage":"fr-FR","@id":"https:\/\/www.bredinprat.fr\/fr\/#\/schema\/logo\/image\/","url":"https:\/\/www.bredinprat.fr\/wp-content\/uploads\/2015\/10\/Logo_BP.gif","contentUrl":"https:\/\/www.bredinprat.fr\/wp-content\/uploads\/2015\/10\/Logo_BP.gif","width":4246,"height":258,"caption":"Bredin Prat"},"image":{"@id":"https:\/\/www.bredinprat.fr\/fr\/#\/schema\/logo\/image\/"}}]}},"_links":{"self":[{"href":"https:\/\/www.bredinprat.fr\/fr\/wp-json\/wp\/v2\/pages\/20","targetHints":{"allow":["GET"]}}],"collection":[{"href":"https:\/\/www.bredinprat.fr\/fr\/wp-json\/wp\/v2\/pages"}],"about":[{"href":"https:\/\/www.bredinprat.fr\/fr\/wp-json\/wp\/v2\/types\/page"}],"author":[{"embeddable":true,"href":"https:\/\/www.bredinprat.fr\/fr\/wp-json\/wp\/v2\/users\/8"}],"replies":[{"embeddable":true,"href":"https:\/\/www.bredinprat.fr\/fr\/wp-json\/wp\/v2\/comments?post=20"}],"version-history":[{"count":53,"href":"https:\/\/www.bredinprat.fr\/fr\/wp-json\/wp\/v2\/pages\/20\/revisions"}],"predecessor-version":[{"id":11964,"href":"https:\/\/www.bredinprat.fr\/fr\/wp-json\/wp\/v2\/pages\/20\/revisions\/11964"}],"wp:attachment":[{"href":"https:\/\/www.bredinprat.fr\/fr\/wp-json\/wp\/v2\/media?parent=20"}],"curies":[{"name":"wp","href":"https:\/\/api.w.org\/{rel}","templated":true}]}}

Compétences

<p>Bredin Prat sert au mieux les intérêts d’une clientèle française et internationale dans le cadre d’opérations transactionnelles et de contentieux sensibles, nationaux ou transfrontaliers.</p>
<p>Depuis toujours, au sein des équipes de Bredin Prat, la scission entre les affaires contentieuses et <em>corporate</em> n’existe pas réellement. Cette organisation du cabinet facilite la fluidité de travail dans ses différents domaines de compétences et lui permet ainsi d’accompagner les clients tout au long de leurs projets, quelles qu’en soient la nature et l’évolution.</p>

<p>Bredin Prat sert au mieux les intérêts d’une clientèle française et internationale dans le cadre d’opérations transactionnelles et de contentieux sensibles, nationaux ou transfrontaliers. Depuis toujours, au sein des équipes de Bredin Prat, la scission entre les affaires contentieuses et corporate n’existe pas réellement. Cette organisation du cabinet facilite la fluidité de travail dans ses ..<br /><a href="https://www.bredinprat.fr/fr/competences-text/">Read More&#8230;</a></p>

<!-- This site is optimized with the Yoast SEO plugin v26.4 - https://yoast.com/wordpress/plugins/seo/ -->
<title>Compétences | Bredin Prat</title>
<meta name="description" content="Bredin Prat sert au mieux les intérêts d’une clientèle française et internationale dans le cadre d’opérations transactionnelles et de contentieux sensibles, nationaux ou transfrontaliers." />
<meta name="robots" content="index, follow, max-snippet:-1, max-image-preview:large, max-video-preview:-1" />
<link rel="canonical" href="https://www.bredinprat.fr/fr/competences-text/" />
<meta property="og:locale" content="fr_FR" />
<meta property="og:type" content="article" />
<meta property="og:title" content="Compétences | Bredin Prat" />
<meta property="og:description" content="Bredin Prat sert au mieux les intérêts d’une clientèle française et internationale dans le cadre d’opérations transactionnelles et de contentieux sensibles, nationaux ou transfrontaliers." />
<meta property="og:url" content="https://www.bredinprat.fr/fr/competences-text/" />
<meta property="og:site_name" content="Bredin Prat" />
<meta property="article:modified_time" content="2021-01-23T16:52:33+00:00" />
<meta name="twitter:card" content="summary_large_image" />
<script type="application/ld+json" class="yoast-schema-graph">{"@context":"https://schema.org","@graph":[{"@type":"WebPage","@id":"https://www.bredinprat.fr/fr/competences-text/","url":"https://www.bredinprat.fr/fr/competences-text/","name":"Compétences | Bredin Prat","isPartOf":{"@id":"https://www.bredinprat.fr/fr/#website"},"datePublished":"2015-10-22T09:31:59+00:00","dateModified":"2021-01-23T16:52:33+00:00","description":"Bredin Prat sert au mieux les intérêts d’une clientèle française et internationale dans le cadre d’opérations transactionnelles et de contentieux sensibles, nationaux ou transfrontaliers.","breadcrumb":{"@id":"https://www.bredinprat.fr/fr/competences-text/#breadcrumb"},"inLanguage":"fr-FR","potentialAction":[{"@type":"ReadAction","target":["https://www.bredinprat.fr/fr/competences-text/"]}]},{"@type":"BreadcrumbList","@id":"https://www.bredinprat.fr/fr/competences-text/#breadcrumb","itemListElement":[{"@type":"ListItem","position":1,"name":"Accueil","item":"https://www.bredinprat.fr/fr/"},{"@type":"ListItem","position":2,"name":"Compétences"}]},{"@type":"WebSite","@id":"https://www.bredinprat.fr/fr/#website","url":"https://www.bredinprat.fr/fr/","name":"Bredin Prat","description":"Cabinet d&#039;avocats français indépendant à Paris et à Bruxelles","publisher":{"@id":"https://www.bredinprat.fr/fr/#organization"},"potentialAction":[{"@type":"SearchAction","target":{"@type":"EntryPoint","urlTemplate":"https://www.bredinprat.fr/fr/?s={search_term_string}"},"query-input":{"@type":"PropertyValueSpecification","valueRequired":true,"valueName":"search_term_string"}}],"inLanguage":"fr-FR"},{"@type":"Organization","@id":"https://www.bredinprat.fr/fr/#organization","name":"Bredin Prat","url":"https://www.bredinprat.fr/fr/","logo":{"@type":"ImageObject","inLanguage":"fr-FR","@id":"https://www.bredinprat.fr/fr/#/schema/logo/image/","url":"https://www.bredinprat.fr/wp-content/uploads/2015/10/Logo_BP.gif","contentUrl":"https://www.bredinprat.fr/wp-content/uploads/2015/10/Logo_BP.gif","width":4246,"height":258,"caption":"Bredin Prat"},"image":{"@id":"https://www.bredinprat.fr/fr/#/schema/logo/image/"}}]}</script>
<!-- / Yoast SEO plugin. -->

Compétences | Bredin Prat

Bredin Prat sert au mieux les intérêts d’une clientèle française et internationale dans le cadre d’opérations transactionnelles et de contentieux sensibles, nationaux ou transfrontaliers.

Cabinet d&#039;avocats français indépendant à Paris et à Bruxelles
