{"id":13937,"date":"2021-09-02T22:14:30","date_gmt":"2021-09-02T21:14:30","guid":{"rendered":"https:\/\/www.bredinprat.fr\/?page_id=13937"},"modified":"2022-08-31T08:56:08","modified_gmt":"2022-08-31T07:56:08","slug":"hommage-jeandenis-bredin","status":"publish","type":"page","link":"https:\/\/www.bredinprat.fr\/fr\/hommage-jeandenis-bredin\/","title":{"rendered":"Hommage \u00e0 Jean-Denis Bredin"},"content":{"rendered":"<table style=\"border: none;\">\n<tbody>\n<tr style=\"border: none;\">\n<td style=\"border: none; vertical-align: top;\"><img loading=\"lazy\" decoding=\"async\" class=\"alignright wp-image-13944 size-large\" src=\"https:\/\/www.bredinprat.fr\/wp-content\/uploads\/2021\/09\/JDB_v1-691x1024.jpg\" alt=\"\" width=\"691\" height=\"1024\" srcset=\"https:\/\/www.bredinprat.fr\/wp-content\/uploads\/2021\/09\/JDB_v1-691x1024.jpg 691w, https:\/\/www.bredinprat.fr\/wp-content\/uploads\/2021\/09\/JDB_v1-202x300.jpg 202w, https:\/\/www.bredinprat.fr\/wp-content\/uploads\/2021\/09\/JDB_v1-768x1139.jpg 768w, https:\/\/www.bredinprat.fr\/wp-content\/uploads\/2021\/09\/JDB_v1-1036x1536.jpg 1036w, https:\/\/www.bredinprat.fr\/wp-content\/uploads\/2021\/09\/JDB_v1-1381x2048.jpg 1381w, https:\/\/www.bredinprat.fr\/wp-content\/uploads\/2021\/09\/JDB_v1-scaled.jpg 1726w\" sizes=\"auto, (max-width: 691px) 100vw, 691px\" \/><\/td>\n<td style=\"border: none; vertical-align: top;\">\n<h4>Jean-Denis Bredin a \u00e9t\u00e9 l\u2019un des plus grands juristes de sa g\u00e9n\u00e9ration.<\/h4>\n<p>&nbsp;<\/p>\n<h4>Avocat de tr\u00e8s grand talent et Professeur renomm\u00e9, il pouvait exercer ses talents sans limite.<\/h4>\n<h4>\u00c9galement \u00e9crivain et acad\u00e9micien, il \u00e9tait l\u2019auteur \u00e0 succ\u00e8s de romans et de livres historiques.<\/h4>\n<h4>Il s\u2019\u00e9tait vu confier plusieurs missions par diff\u00e9rents ministres et avait assum\u00e9 des responsabilit\u00e9s politiques.<\/h4>\n<h4>Bien que tr\u00e8s exigeant de ses collaborateurs, il manifestait son respect et sa bienveillance.<\/h4>\n<h4>Personnalit\u00e9 exceptionnelle, il a marqu\u00e9 tous ceux qui l\u2019ont connu.<\/h4>\n<p>&nbsp;<\/p>\n<h4>Sa disparition nous affecte profond\u00e9ment.<\/h4>\n<\/td>\n<\/tr>\n<\/tbody>\n<\/table>\n","protected":false},"excerpt":{"rendered":"<p>Jean-Denis Bredin a \u00e9t\u00e9 l\u2019un des plus grands juristes de sa g\u00e9n\u00e9ration. &nbsp; Avocat de tr\u00e8s grand talent et Professeur renomm\u00e9, il pouvait exercer ses talents sans limite. \u00c9galement \u00e9crivain et acad\u00e9micien, il \u00e9tait l\u2019auteur \u00e0 succ\u00e8s de romans et de livres historiques. Il s\u2019\u00e9tait vu confier plusieurs missions par diff\u00e9rents ministres et avait assum\u00e9 ..<br \/><a href=\"https:\/\/www.bredinprat.fr\/fr\/hommage-jeandenis-bredin\/\">Read More&#8230;<\/a><\/p>\n","protected":false},"author":8,"featured_media":0,"parent":0,"menu_order":0,"comment_status":"closed","ping_status":"closed","template":"page-template\/hommage.php","meta":{"_acf_changed":false,"footnotes":""},"class_list":["post-13937","page","type-page","status-publish","hentry"],"acf":[],"yoast_head":"<!-- This site is optimized with the Yoast SEO plugin v26.4 - https:\/\/yoast.com\/wordpress\/plugins\/seo\/ -->\n<title>Hommage \u00e0 Jean-Denis Bredin | Bredin Prat<\/title>\n<meta name=\"robots\" content=\"index, follow, max-snippet:-1, max-image-preview:large, max-video-preview:-1\" \/>\n<link rel=\"canonical\" href=\"https:\/\/www.bredinprat.fr\/fr\/hommage-jeandenis-bredin\/\" \/>\n<meta property=\"og:locale\" content=\"fr_FR\" \/>\n<meta property=\"og:type\" content=\"article\" \/>\n<meta property=\"og:title\" content=\"Hommage \u00e0 Jean-Denis Bredin | Bredin Prat\" \/>\n<meta property=\"og:description\" content=\"Jean-Denis Bredin a \u00e9t\u00e9 l\u2019un des plus grands juristes de sa g\u00e9n\u00e9ration. &nbsp; Avocat de tr\u00e8s grand talent et Professeur renomm\u00e9, il pouvait exercer ses talents sans limite. \u00c9galement \u00e9crivain et acad\u00e9micien, il \u00e9tait l\u2019auteur \u00e0 succ\u00e8s de romans et de livres historiques. Il s\u2019\u00e9tait vu confier plusieurs missions par diff\u00e9rents ministres et avait assum\u00e9 ..Read More...\" \/>\n<meta property=\"og:url\" content=\"https:\/\/www.bredinprat.fr\/fr\/hommage-jeandenis-bredin\/\" \/>\n<meta property=\"og:site_name\" content=\"Bredin Prat\" \/>\n<meta property=\"article:modified_time\" content=\"2022-08-31T07:56:08+00:00\" \/>\n<meta property=\"og:image\" content=\"https:\/\/www.bredinprat.fr\/wp-content\/uploads\/2021\/09\/JDB_v1-691x1024.jpg\" \/>\n<meta name=\"twitter:card\" content=\"summary_large_image\" \/>\n<meta name=\"twitter:label1\" content=\"Dur\u00e9e de lecture estim\u00e9e\" \/>\n\t<meta name=\"twitter:data1\" content=\"1 minute\" \/>\n<script type=\"application\/ld+json\" class=\"yoast-schema-graph\">{\"@context\":\"https:\/\/schema.org\",\"@graph\":[{\"@type\":\"WebPage\",\"@id\":\"https:\/\/www.bredinprat.fr\/fr\/hommage-jeandenis-bredin\/\",\"url\":\"https:\/\/www.bredinprat.fr\/fr\/hommage-jeandenis-bredin\/\",\"name\":\"Hommage \u00e0 Jean-Denis Bredin | Bredin Prat\",\"isPartOf\":{\"@id\":\"https:\/\/www.bredinprat.fr\/fr\/#website\"},\"primaryImageOfPage\":{\"@id\":\"https:\/\/www.bredinprat.fr\/fr\/hommage-jeandenis-bredin\/#primaryimage\"},\"image\":{\"@id\":\"https:\/\/www.bredinprat.fr\/fr\/hommage-jeandenis-bredin\/#primaryimage\"},\"thumbnailUrl\":\"https:\/\/www.bredinprat.fr\/wp-content\/uploads\/2021\/09\/JDB_v1-691x1024.jpg\",\"datePublished\":\"2021-09-02T21:14:30+00:00\",\"dateModified\":\"2022-08-31T07:56:08+00:00\",\"breadcrumb\":{\"@id\":\"https:\/\/www.bredinprat.fr\/fr\/hommage-jeandenis-bredin\/#breadcrumb\"},\"inLanguage\":\"fr-FR\",\"potentialAction\":[{\"@type\":\"ReadAction\",\"target\":[\"https:\/\/www.bredinprat.fr\/fr\/hommage-jeandenis-bredin\/\"]}]},{\"@type\":\"ImageObject\",\"inLanguage\":\"fr-FR\",\"@id\":\"https:\/\/www.bredinprat.fr\/fr\/hommage-jeandenis-bredin\/#primaryimage\",\"url\":\"https:\/\/www.bredinprat.fr\/wp-content\/uploads\/2021\/09\/JDB_v1-691x1024.jpg\",\"contentUrl\":\"https:\/\/www.bredinprat.fr\/wp-content\/uploads\/2021\/09\/JDB_v1-691x1024.jpg\"},{\"@type\":\"BreadcrumbList\",\"@id\":\"https:\/\/www.bredinprat.fr\/fr\/hommage-jeandenis-bredin\/#breadcrumb\",\"itemListElement\":[{\"@type\":\"ListItem\",\"position\":1,\"name\":\"Accueil\",\"item\":\"https:\/\/www.bredinprat.fr\/fr\/\"},{\"@type\":\"ListItem\",\"position\":2,\"name\":\"Hommage \u00e0 Jean-Denis Bredin\"}]},{\"@type\":\"WebSite\",\"@id\":\"https:\/\/www.bredinprat.fr\/fr\/#website\",\"url\":\"https:\/\/www.bredinprat.fr\/fr\/\",\"name\":\"Bredin Prat\",\"description\":\"Cabinet d&#039;avocats fran\u00e7ais ind\u00e9pendant \u00e0 Paris et \u00e0 Bruxelles\",\"publisher\":{\"@id\":\"https:\/\/www.bredinprat.fr\/fr\/#organization\"},\"potentialAction\":[{\"@type\":\"SearchAction\",\"target\":{\"@type\":\"EntryPoint\",\"urlTemplate\":\"https:\/\/www.bredinprat.fr\/fr\/?s={search_term_string}\"},\"query-input\":{\"@type\":\"PropertyValueSpecification\",\"valueRequired\":true,\"valueName\":\"search_term_string\"}}],\"inLanguage\":\"fr-FR\"},{\"@type\":\"Organization\",\"@id\":\"https:\/\/www.bredinprat.fr\/fr\/#organization\",\"name\":\"Bredin Prat\",\"url\":\"https:\/\/www.bredinprat.fr\/fr\/\",\"logo\":{\"@type\":\"ImageObject\",\"inLanguage\":\"fr-FR\",\"@id\":\"https:\/\/www.bredinprat.fr\/fr\/#\/schema\/logo\/image\/\",\"url\":\"https:\/\/www.bredinprat.fr\/wp-content\/uploads\/2015\/10\/Logo_BP.gif\",\"contentUrl\":\"https:\/\/www.bredinprat.fr\/wp-content\/uploads\/2015\/10\/Logo_BP.gif\",\"width\":4246,\"height\":258,\"caption\":\"Bredin Prat\"},\"image\":{\"@id\":\"https:\/\/www.bredinprat.fr\/fr\/#\/schema\/logo\/image\/\"}}]}<\/script>\n<!-- \/ Yoast SEO plugin. -->","yoast_head_json":{"title":"Hommage \u00e0 Jean-Denis Bredin | Bredin Prat","robots":{"index":"index","follow":"follow","max-snippet":"max-snippet:-1","max-image-preview":"max-image-preview:large","max-video-preview":"max-video-preview:-1"},"canonical":"https:\/\/www.bredinprat.fr\/fr\/hommage-jeandenis-bredin\/","og_locale":"fr_FR","og_type":"article","og_title":"Hommage \u00e0 Jean-Denis Bredin | Bredin Prat","og_description":"Jean-Denis Bredin a \u00e9t\u00e9 l\u2019un des plus grands juristes de sa g\u00e9n\u00e9ration. &nbsp; Avocat de tr\u00e8s grand talent et Professeur renomm\u00e9, il pouvait exercer ses talents sans limite. \u00c9galement \u00e9crivain et acad\u00e9micien, il \u00e9tait l\u2019auteur \u00e0 succ\u00e8s de romans et de livres historiques. Il s\u2019\u00e9tait vu confier plusieurs missions par diff\u00e9rents ministres et avait assum\u00e9 ..Read More...","og_url":"https:\/\/www.bredinprat.fr\/fr\/hommage-jeandenis-bredin\/","og_site_name":"Bredin Prat","article_modified_time":"2022-08-31T07:56:08+00:00","og_image":[{"url":"https:\/\/www.bredinprat.fr\/wp-content\/uploads\/2021\/09\/JDB_v1-691x1024.jpg","type":"","width":"","height":""}],"twitter_card":"summary_large_image","twitter_misc":{"Dur\u00e9e de lecture estim\u00e9e":"1 minute"},"schema":{"@context":"https:\/\/schema.org","@graph":[{"@type":"WebPage","@id":"https:\/\/www.bredinprat.fr\/fr\/hommage-jeandenis-bredin\/","url":"https:\/\/www.bredinprat.fr\/fr\/hommage-jeandenis-bredin\/","name":"Hommage \u00e0 Jean-Denis Bredin | Bredin Prat","isPartOf":{"@id":"https:\/\/www.bredinprat.fr\/fr\/#website"},"primaryImageOfPage":{"@id":"https:\/\/www.bredinprat.fr\/fr\/hommage-jeandenis-bredin\/#primaryimage"},"image":{"@id":"https:\/\/www.bredinprat.fr\/fr\/hommage-jeandenis-bredin\/#primaryimage"},"thumbnailUrl":"https:\/\/www.bredinprat.fr\/wp-content\/uploads\/2021\/09\/JDB_v1-691x1024.jpg","datePublished":"2021-09-02T21:14:30+00:00","dateModified":"2022-08-31T07:56:08+00:00","breadcrumb":{"@id":"https:\/\/www.bredinprat.fr\/fr\/hommage-jeandenis-bredin\/#breadcrumb"},"inLanguage":"fr-FR","potentialAction":[{"@type":"ReadAction","target":["https:\/\/www.bredinprat.fr\/fr\/hommage-jeandenis-bredin\/"]}]},{"@type":"ImageObject","inLanguage":"fr-FR","@id":"https:\/\/www.bredinprat.fr\/fr\/hommage-jeandenis-bredin\/#primaryimage","url":"https:\/\/www.bredinprat.fr\/wp-content\/uploads\/2021\/09\/JDB_v1-691x1024.jpg","contentUrl":"https:\/\/www.bredinprat.fr\/wp-content\/uploads\/2021\/09\/JDB_v1-691x1024.jpg"},{"@type":"BreadcrumbList","@id":"https:\/\/www.bredinprat.fr\/fr\/hommage-jeandenis-bredin\/#breadcrumb","itemListElement":[{"@type":"ListItem","position":1,"name":"Accueil","item":"https:\/\/www.bredinprat.fr\/fr\/"},{"@type":"ListItem","position":2,"name":"Hommage \u00e0 Jean-Denis Bredin"}]},{"@type":"WebSite","@id":"https:\/\/www.bredinprat.fr\/fr\/#website","url":"https:\/\/www.bredinprat.fr\/fr\/","name":"Bredin Prat","description":"Cabinet d&#039;avocats fran\u00e7ais ind\u00e9pendant \u00e0 Paris et \u00e0 Bruxelles","publisher":{"@id":"https:\/\/www.bredinprat.fr\/fr\/#organization"},"potentialAction":[{"@type":"SearchAction","target":{"@type":"EntryPoint","urlTemplate":"https:\/\/www.bredinprat.fr\/fr\/?s={search_term_string}"},"query-input":{"@type":"PropertyValueSpecification","valueRequired":true,"valueName":"search_term_string"}}],"inLanguage":"fr-FR"},{"@type":"Organization","@id":"https:\/\/www.bredinprat.fr\/fr\/#organization","name":"Bredin Prat","url":"https:\/\/www.bredinprat.fr\/fr\/","logo":{"@type":"ImageObject","inLanguage":"fr-FR","@id":"https:\/\/www.bredinprat.fr\/fr\/#\/schema\/logo\/image\/","url":"https:\/\/www.bredinprat.fr\/wp-content\/uploads\/2015\/10\/Logo_BP.gif","contentUrl":"https:\/\/www.bredinprat.fr\/wp-content\/uploads\/2015\/10\/Logo_BP.gif","width":4246,"height":258,"caption":"Bredin Prat"},"image":{"@id":"https:\/\/www.bredinprat.fr\/fr\/#\/schema\/logo\/image\/"}}]}},"_links":{"self":[{"href":"https:\/\/www.bredinprat.fr\/fr\/wp-json\/wp\/v2\/pages\/13937","targetHints":{"allow":["GET"]}}],"collection":[{"href":"https:\/\/www.bredinprat.fr\/fr\/wp-json\/wp\/v2\/pages"}],"about":[{"href":"https:\/\/www.bredinprat.fr\/fr\/wp-json\/wp\/v2\/types\/page"}],"author":[{"embeddable":true,"href":"https:\/\/www.bredinprat.fr\/fr\/wp-json\/wp\/v2\/users\/8"}],"replies":[{"embeddable":true,"href":"https:\/\/www.bredinprat.fr\/fr\/wp-json\/wp\/v2\/comments?post=13937"}],"version-history":[{"count":18,"href":"https:\/\/www.bredinprat.fr\/fr\/wp-json\/wp\/v2\/pages\/13937\/revisions"}],"predecessor-version":[{"id":16320,"href":"https:\/\/www.bredinprat.fr\/fr\/wp-json\/wp\/v2\/pages\/13937\/revisions\/16320"}],"wp:attachment":[{"href":"https:\/\/www.bredinprat.fr\/fr\/wp-json\/wp\/v2\/media?parent=13937"}],"curies":[{"name":"wp","href":"https:\/\/api.w.org\/{rel}","templated":true}]}}

Hommage à Jean-Denis Bredin

<table style="border: none;">
<tbody>
<tr style="border: none;">
<td style="border: none; vertical-align: top;"><img loading="lazy" decoding="async" class="alignright wp-image-13944 size-large" src="https://www.bredinprat.fr/wp-content/uploads/2021/09/JDB_v1-691x1024.jpg" alt="" width="691" height="1024" srcset="https://www.bredinprat.fr/wp-content/uploads/2021/09/JDB_v1-691x1024.jpg 691w, https://www.bredinprat.fr/wp-content/uploads/2021/09/JDB_v1-202x300.jpg 202w, https://www.bredinprat.fr/wp-content/uploads/2021/09/JDB_v1-768x1139.jpg 768w, https://www.bredinprat.fr/wp-content/uploads/2021/09/JDB_v1-1036x1536.jpg 1036w, https://www.bredinprat.fr/wp-content/uploads/2021/09/JDB_v1-1381x2048.jpg 1381w, https://www.bredinprat.fr/wp-content/uploads/2021/09/JDB_v1-scaled.jpg 1726w" sizes="auto, (max-width: 691px) 100vw, 691px" /></td>
<td style="border: none; vertical-align: top;">
<h4>Jean-Denis Bredin a été l’un des plus grands juristes de sa génération.</h4>
<p>&nbsp;</p>
<h4>Avocat de très grand talent et Professeur renommé, il pouvait exercer ses talents sans limite.</h4>
<h4>Également écrivain et académicien, il était l’auteur à succès de romans et de livres historiques.</h4>
<h4>Il s’était vu confier plusieurs missions par différents ministres et avait assumé des responsabilités politiques.</h4>
<h4>Bien que très exigeant de ses collaborateurs, il manifestait son respect et sa bienveillance.</h4>
<h4>Personnalité exceptionnelle, il a marqué tous ceux qui l’ont connu.</h4>
<p>&nbsp;</p>
<h4>Sa disparition nous affecte profondément.</h4>
</td>
</tr>
</tbody>
</table>

<p>Jean-Denis Bredin a été l’un des plus grands juristes de sa génération. &nbsp; Avocat de très grand talent et Professeur renommé, il pouvait exercer ses talents sans limite. Également écrivain et académicien, il était l’auteur à succès de romans et de livres historiques. Il s’était vu confier plusieurs missions par différents ministres et avait assumé ..<br /><a href="https://www.bredinprat.fr/fr/hommage-jeandenis-bredin/">Read More&#8230;</a></p>

<!-- This site is optimized with the Yoast SEO plugin v26.4 - https://yoast.com/wordpress/plugins/seo/ -->
<title>Hommage à Jean-Denis Bredin | Bredin Prat</title>
<meta name="robots" content="index, follow, max-snippet:-1, max-image-preview:large, max-video-preview:-1" />
<link rel="canonical" href="https://www.bredinprat.fr/fr/hommage-jeandenis-bredin/" />
<meta property="og:locale" content="fr_FR" />
<meta property="og:type" content="article" />
<meta property="og:title" content="Hommage à Jean-Denis Bredin | Bredin Prat" />
<meta property="og:description" content="Jean-Denis Bredin a été l’un des plus grands juristes de sa génération. &nbsp; Avocat de très grand talent et Professeur renommé, il pouvait exercer ses talents sans limite. Également écrivain et académicien, il était l’auteur à succès de romans et de livres historiques. Il s’était vu confier plusieurs missions par différents ministres et avait assumé ..Read More..." />
<meta property="og:url" content="https://www.bredinprat.fr/fr/hommage-jeandenis-bredin/" />
<meta property="og:site_name" content="Bredin Prat" />
<meta property="article:modified_time" content="2022-08-31T07:56:08+00:00" />
<meta property="og:image" content="https://www.bredinprat.fr/wp-content/uploads/2021/09/JDB_v1-691x1024.jpg" />
<meta name="twitter:card" content="summary_large_image" />
<meta name="twitter:label1" content="Durée de lecture estimée" />
	<meta name="twitter:data1" content="1 minute" />
<script type="application/ld+json" class="yoast-schema-graph">{"@context":"https://schema.org","@graph":[{"@type":"WebPage","@id":"https://www.bredinprat.fr/fr/hommage-jeandenis-bredin/","url":"https://www.bredinprat.fr/fr/hommage-jeandenis-bredin/","name":"Hommage à Jean-Denis Bredin | Bredin Prat","isPartOf":{"@id":"https://www.bredinprat.fr/fr/#website"},"primaryImageOfPage":{"@id":"https://www.bredinprat.fr/fr/hommage-jeandenis-bredin/#primaryimage"},"image":{"@id":"https://www.bredinprat.fr/fr/hommage-jeandenis-bredin/#primaryimage"},"thumbnailUrl":"https://www.bredinprat.fr/wp-content/uploads/2021/09/JDB_v1-691x1024.jpg","datePublished":"2021-09-02T21:14:30+00:00","dateModified":"2022-08-31T07:56:08+00:00","breadcrumb":{"@id":"https://www.bredinprat.fr/fr/hommage-jeandenis-bredin/#breadcrumb"},"inLanguage":"fr-FR","potentialAction":[{"@type":"ReadAction","target":["https://www.bredinprat.fr/fr/hommage-jeandenis-bredin/"]}]},{"@type":"ImageObject","inLanguage":"fr-FR","@id":"https://www.bredinprat.fr/fr/hommage-jeandenis-bredin/#primaryimage","url":"https://www.bredinprat.fr/wp-content/uploads/2021/09/JDB_v1-691x1024.jpg","contentUrl":"https://www.bredinprat.fr/wp-content/uploads/2021/09/JDB_v1-691x1024.jpg"},{"@type":"BreadcrumbList","@id":"https://www.bredinprat.fr/fr/hommage-jeandenis-bredin/#breadcrumb","itemListElement":[{"@type":"ListItem","position":1,"name":"Accueil","item":"https://www.bredinprat.fr/fr/"},{"@type":"ListItem","position":2,"name":"Hommage à Jean-Denis Bredin"}]},{"@type":"WebSite","@id":"https://www.bredinprat.fr/fr/#website","url":"https://www.bredinprat.fr/fr/","name":"Bredin Prat","description":"Cabinet d&#039;avocats français indépendant à Paris et à Bruxelles","publisher":{"@id":"https://www.bredinprat.fr/fr/#organization"},"potentialAction":[{"@type":"SearchAction","target":{"@type":"EntryPoint","urlTemplate":"https://www.bredinprat.fr/fr/?s={search_term_string}"},"query-input":{"@type":"PropertyValueSpecification","valueRequired":true,"valueName":"search_term_string"}}],"inLanguage":"fr-FR"},{"@type":"Organization","@id":"https://www.bredinprat.fr/fr/#organization","name":"Bredin Prat","url":"https://www.bredinprat.fr/fr/","logo":{"@type":"ImageObject","inLanguage":"fr-FR","@id":"https://www.bredinprat.fr/fr/#/schema/logo/image/","url":"https://www.bredinprat.fr/wp-content/uploads/2015/10/Logo_BP.gif","contentUrl":"https://www.bredinprat.fr/wp-content/uploads/2015/10/Logo_BP.gif","width":4246,"height":258,"caption":"Bredin Prat"},"image":{"@id":"https://www.bredinprat.fr/fr/#/schema/logo/image/"}}]}</script>
<!-- / Yoast SEO plugin. -->

Hommage à Jean-Denis Bredin | Bredin Prat

Jean-Denis Bredin a été l’un des plus grands juristes de sa génération. &nbsp; Avocat de très grand talent et Professeur renommé, il pouvait exercer ses talents sans limite. Également écrivain et académicien, il était l’auteur à succès de romans et de livres historiques. Il s’était vu confier plusieurs missions par différents ministres et avait assumé ..Read More...

Cabinet d&#039;avocats français indépendant à Paris et à Bruxelles
