{"version":"1.0","provider_name":"Bredin Prat","provider_url":"https:\/\/www.bredinprat.fr\/fr\/","author_name":"Laura MAITREL","author_url":"https:\/\/www.bredinprat.fr\/fr\/author\/l-maitrel\/","title":"Construire demain - La responsabilit\u00e9 des cours et tribunaux - Bredin Prat","type":"rich","width":600,"height":338,"html":"<blockquote class=\"wp-embedded-content\" data-secret=\"cNW4GuQPPJ\"><a href=\"https:\/\/www.bredinprat.fr\/fr\/actualites\/construire-demain-la-responsabilite-des-cours-et-tribunaux\/\">Construire demain &#8211; La responsabilit\u00e9 des cours et tribunaux<\/a><\/blockquote><iframe sandbox=\"allow-scripts\" security=\"restricted\" src=\"https:\/\/www.bredinprat.fr\/fr\/actualites\/construire-demain-la-responsabilite-des-cours-et-tribunaux\/embed\/#?secret=cNW4GuQPPJ\" width=\"600\" height=\"338\" title=\"\u00ab\u00a0Construire demain &#8211; La responsabilit\u00e9 des cours et tribunaux\u00a0\u00bb &#8212; Bredin Prat\" data-secret=\"cNW4GuQPPJ\" frameborder=\"0\" marginwidth=\"0\" marginheight=\"0\" scrolling=\"no\" class=\"wp-embedded-content\"><\/iframe><script type=\"text\/javascript\">\n\/* <![CDATA[ *\/\n\/*! This file is auto-generated *\/\n!function(d,l){\"use strict\";l.querySelector&&d.addEventListener&&\"undefined\"!=typeof URL&&(d.wp=d.wp||{},d.wp.receiveEmbedMessage||(d.wp.receiveEmbedMessage=function(e){var t=e.data;if((t||t.secret||t.message||t.value)&&!\/[^a-zA-Z0-9]\/.test(t.secret)){for(var s,r,n,a=l.querySelectorAll('iframe[data-secret=\"'+t.secret+'\"]'),o=l.querySelectorAll('blockquote[data-secret=\"'+t.secret+'\"]'),c=new RegExp(\"^https?:$\",\"i\"),i=0;i<o.length;i++)o[i].style.display=\"none\";for(i=0;i<a.length;i++)s=a[i],e.source===s.contentWindow&&(s.removeAttribute(\"style\"),\"height\"===t.message?(1e3<(r=parseInt(t.value,10))?r=1e3:~~r<200&&(r=200),s.height=r):\"link\"===t.message&&(r=new URL(s.getAttribute(\"src\")),n=new URL(t.value),c.test(n.protocol))&&n.host===r.host&&l.activeElement===s&&(d.top.location.href=t.value))}},d.addEventListener(\"message\",d.wp.receiveEmbedMessage,!1),l.addEventListener(\"DOMContentLoaded\",function(){for(var e,t,s=l.querySelectorAll(\"iframe.wp-embedded-content\"),r=0;r<s.length;r++)(t=(e=s[r]).getAttribute(\"data-secret\"))||(t=Math.random().toString(36).substring(2,12),e.src+=\"#?secret=\"+t,e.setAttribute(\"data-secret\",t)),e.contentWindow.postMessage({message:\"ready\",secret:t},\"*\")},!1)))}(window,document);\n\/* ]]> *\/\n<\/script>\n","description":"Marina Weiss est intervenu lors de la table ronde \"La responsabilit\u00e9 des cours et tribunaux\" dans le cadre du Symposium \u00ab Construire demain \u00bb \u00e0 l\u2019occasion des 150 ans de l\u2019Association de Droit International \u2013 International Law Association qui a eu lieu \u00e0 la Cit\u00e9 internationale universitaire de Paris (CIUP) \u00e0 Paris."}

Construire demain - La responsabilité des cours et tribunaux - Bredin Prat

<blockquote class="wp-embedded-content" data-secret="cNW4GuQPPJ"><a href="https://www.bredinprat.fr/fr/actualites/construire-demain-la-responsabilite-des-cours-et-tribunaux/">Construire demain &#8211; La responsabilité des cours et tribunaux</a></blockquote><iframe sandbox="allow-scripts" security="restricted" src="https://www.bredinprat.fr/fr/actualites/construire-demain-la-responsabilite-des-cours-et-tribunaux/embed/#?secret=cNW4GuQPPJ" width="600" height="338" title="« Construire demain &#8211; La responsabilité des cours et tribunaux » &#8212; Bredin Prat" data-secret="cNW4GuQPPJ" frameborder="0" marginwidth="0" marginheight="0" scrolling="no" class="wp-embedded-content"></iframe><script type="text/javascript">
/* <![CDATA[ */
/*! This file is auto-generated */
!function(d,l){"use strict";l.querySelector&&d.addEventListener&&"undefined"!=typeof URL&&(d.wp=d.wp||{},d.wp.receiveEmbedMessage||(d.wp.receiveEmbedMessage=function(e){var t=e.data;if((t||t.secret||t.message||t.value)&&!/[^a-zA-Z0-9]/.test(t.secret)){for(var s,r,n,a=l.querySelectorAll('iframe[data-secret="'+t.secret+'"]'),o=l.querySelectorAll('blockquote[data-secret="'+t.secret+'"]'),c=new RegExp("^https?:$","i"),i=0;i<o.length;i++)o[i].style.display="none";for(i=0;i<a.length;i++)s=a[i],e.source===s.contentWindow&&(s.removeAttribute("style"),"height"===t.message?(1e3<(r=parseInt(t.value,10))?r=1e3:~~r<200&&(r=200),s.height=r):"link"===t.message&&(r=new URL(s.getAttribute("src")),n=new URL(t.value),c.test(n.protocol))&&n.host===r.host&&l.activeElement===s&&(d.top.location.href=t.value))}},d.addEventListener("message",d.wp.receiveEmbedMessage,!1),l.addEventListener("DOMContentLoaded",function(){for(var e,t,s=l.querySelectorAll("iframe.wp-embedded-content"),r=0;r<s.length;r++)(t=(e=s[r]).getAttribute("data-secret"))||(t=Math.random().toString(36).substring(2,12),e.src+="#?secret="+t,e.setAttribute("data-secret",t)),e.contentWindow.postMessage({message:"ready",secret:t},"*")},!1)))}(window,document);
/* ]]> */
</script>

Marina Weiss est intervenu lors de la table ronde "La responsabilité des cours et tribunaux" dans le cadre du Symposium « Construire demain » à l’occasion des 150 ans de l’Association de Droit International – International Law Association qui a eu lieu à la Cité internationale universitaire de Paris (CIUP) à Paris.
