{"version":"1.0","provider_name":"Bredin Prat","provider_url":"https:\/\/www.bredinprat.fr\/fr\/","author_name":"Laura MAITREL","author_url":"https:\/\/www.bredinprat.fr\/fr\/author\/l-maitrel\/","title":"Chronique de Droit p\u00e9nal fiscal - Bredin Prat","type":"rich","width":600,"height":338,"html":"<blockquote class=\"wp-embedded-content\" data-secret=\"RkhTMJkeTP\"><a href=\"https:\/\/www.bredinprat.fr\/fr\/actualites\/chronique-de-droit-penal-fiscal-4\/\">Chronique de Droit p\u00e9nal fiscal<\/a><\/blockquote><iframe sandbox=\"allow-scripts\" security=\"restricted\" src=\"https:\/\/www.bredinprat.fr\/fr\/actualites\/chronique-de-droit-penal-fiscal-4\/embed\/#?secret=RkhTMJkeTP\" width=\"600\" height=\"338\" title=\"\u00ab\u00a0Chronique de Droit p\u00e9nal fiscal\u00a0\u00bb &#8212; Bredin Prat\" data-secret=\"RkhTMJkeTP\" frameborder=\"0\" marginwidth=\"0\" marginheight=\"0\" scrolling=\"no\" class=\"wp-embedded-content\"><\/iframe><script type=\"text\/javascript\">\n\/* <![CDATA[ *\/\n\/*! This file is auto-generated *\/\n!function(d,l){\"use strict\";l.querySelector&&d.addEventListener&&\"undefined\"!=typeof URL&&(d.wp=d.wp||{},d.wp.receiveEmbedMessage||(d.wp.receiveEmbedMessage=function(e){var t=e.data;if((t||t.secret||t.message||t.value)&&!\/[^a-zA-Z0-9]\/.test(t.secret)){for(var s,r,n,a=l.querySelectorAll('iframe[data-secret=\"'+t.secret+'\"]'),o=l.querySelectorAll('blockquote[data-secret=\"'+t.secret+'\"]'),c=new RegExp(\"^https?:$\",\"i\"),i=0;i<o.length;i++)o[i].style.display=\"none\";for(i=0;i<a.length;i++)s=a[i],e.source===s.contentWindow&&(s.removeAttribute(\"style\"),\"height\"===t.message?(1e3<(r=parseInt(t.value,10))?r=1e3:~~r<200&&(r=200),s.height=r):\"link\"===t.message&&(r=new URL(s.getAttribute(\"src\")),n=new URL(t.value),c.test(n.protocol))&&n.host===r.host&&l.activeElement===s&&(d.top.location.href=t.value))}},d.addEventListener(\"message\",d.wp.receiveEmbedMessage,!1),l.addEventListener(\"DOMContentLoaded\",function(){for(var e,t,s=l.querySelectorAll(\"iframe.wp-embedded-content\"),r=0;r<s.length;r++)(t=(e=s[r]).getAttribute(\"data-secret\"))||(t=Math.random().toString(36).substring(2,12),e.src+=\"#?secret=\"+t,e.setAttribute(\"data-secret\",t)),e.contentWindow.postMessage({message:\"ready\",secret:t},\"*\")},!1)))}(window,document);\n\/* ]]> *\/\n<\/script>\n","description":"Cette chronique trimestrielle propose aux lecteurs une revue synth\u00e9tique et pratique des sujets d\u2019actualit\u00e9 du droit p\u00e9nal fiscal. Cette \u00e9tude de mai 2025 aborde notamment les probl\u00e9matiques li\u00e9es \u00e0 l\u2019indemnisation des aviseurs fiscaux (1), au traitement du secret professionnel de la d\u00e9fense et du conseil lors de perquisitions p\u00e9nales (2) et revient sur le dernier volet d\u2019une importante affaire de fraude fiscale ayant r\u00e9cemment donn\u00e9 lieu, \u00e0 hauteur d\u2019appel, \u00e0 des relaxes et \u00e0 la condamnation d\u2019un avocat fiscaliste (3)."}

Chronique de Droit pénal fiscal - Bredin Prat

<blockquote class="wp-embedded-content" data-secret="RkhTMJkeTP"><a href="https://www.bredinprat.fr/fr/actualites/chronique-de-droit-penal-fiscal-4/">Chronique de Droit pénal fiscal</a></blockquote><iframe sandbox="allow-scripts" security="restricted" src="https://www.bredinprat.fr/fr/actualites/chronique-de-droit-penal-fiscal-4/embed/#?secret=RkhTMJkeTP" width="600" height="338" title="« Chronique de Droit pénal fiscal » &#8212; Bredin Prat" data-secret="RkhTMJkeTP" frameborder="0" marginwidth="0" marginheight="0" scrolling="no" class="wp-embedded-content"></iframe><script type="text/javascript">
/* <![CDATA[ */
/*! This file is auto-generated */
!function(d,l){"use strict";l.querySelector&&d.addEventListener&&"undefined"!=typeof URL&&(d.wp=d.wp||{},d.wp.receiveEmbedMessage||(d.wp.receiveEmbedMessage=function(e){var t=e.data;if((t||t.secret||t.message||t.value)&&!/[^a-zA-Z0-9]/.test(t.secret)){for(var s,r,n,a=l.querySelectorAll('iframe[data-secret="'+t.secret+'"]'),o=l.querySelectorAll('blockquote[data-secret="'+t.secret+'"]'),c=new RegExp("^https?:$","i"),i=0;i<o.length;i++)o[i].style.display="none";for(i=0;i<a.length;i++)s=a[i],e.source===s.contentWindow&&(s.removeAttribute("style"),"height"===t.message?(1e3<(r=parseInt(t.value,10))?r=1e3:~~r<200&&(r=200),s.height=r):"link"===t.message&&(r=new URL(s.getAttribute("src")),n=new URL(t.value),c.test(n.protocol))&&n.host===r.host&&l.activeElement===s&&(d.top.location.href=t.value))}},d.addEventListener("message",d.wp.receiveEmbedMessage,!1),l.addEventListener("DOMContentLoaded",function(){for(var e,t,s=l.querySelectorAll("iframe.wp-embedded-content"),r=0;r<s.length;r++)(t=(e=s[r]).getAttribute("data-secret"))||(t=Math.random().toString(36).substring(2,12),e.src+="#?secret="+t,e.setAttribute("data-secret",t)),e.contentWindow.postMessage({message:"ready",secret:t},"*")},!1)))}(window,document);
/* ]]> */
</script>

Cette chronique trimestrielle propose aux lecteurs une revue synthétique et pratique des sujets d’actualité du droit pénal fiscal. Cette étude de mai 2025 aborde notamment les problématiques liées à l’indemnisation des aviseurs fiscaux (1), au traitement du secret professionnel de la défense et du conseil lors de perquisitions pénales (2) et revient sur le dernier volet d’une importante affaire de fraude fiscale ayant récemment donné lieu, à hauteur d’appel, à des relaxes et à la condamnation d’un avocat fiscaliste (3).
