{"version":"1.0","provider_name":"Bredin Prat","provider_url":"https:\/\/www.bredinprat.fr\/en\/","author_name":"Laura MAITREL","author_url":"https:\/\/www.bredinprat.fr\/en\/author\/l-maitrel\/","title":"Bredin Prat appoints 11 Counsels - Bredin Prat","type":"rich","width":600,"height":338,"html":"<blockquote class=\"wp-embedded-content\" data-secret=\"FDkMQusIQb\"><a href=\"https:\/\/www.bredinprat.fr\/en\/news\/bredin-prat-appoints-11-counsels\/\">Bredin Prat appoints 11 Counsels<\/a><\/blockquote><iframe sandbox=\"allow-scripts\" security=\"restricted\" src=\"https:\/\/www.bredinprat.fr\/en\/news\/bredin-prat-appoints-11-counsels\/embed\/#?secret=FDkMQusIQb\" width=\"600\" height=\"338\" title=\"&#8220;Bredin Prat appoints 11 Counsels&#8221; &#8212; Bredin Prat\" data-secret=\"FDkMQusIQb\" frameborder=\"0\" marginwidth=\"0\" marginheight=\"0\" scrolling=\"no\" class=\"wp-embedded-content\"><\/iframe><script type=\"text\/javascript\">\n\/* <![CDATA[ *\/\n\/*! This file is auto-generated *\/\n!function(d,l){\"use strict\";l.querySelector&&d.addEventListener&&\"undefined\"!=typeof URL&&(d.wp=d.wp||{},d.wp.receiveEmbedMessage||(d.wp.receiveEmbedMessage=function(e){var t=e.data;if((t||t.secret||t.message||t.value)&&!\/[^a-zA-Z0-9]\/.test(t.secret)){for(var s,r,n,a=l.querySelectorAll('iframe[data-secret=\"'+t.secret+'\"]'),o=l.querySelectorAll('blockquote[data-secret=\"'+t.secret+'\"]'),c=new RegExp(\"^https?:$\",\"i\"),i=0;i<o.length;i++)o[i].style.display=\"none\";for(i=0;i<a.length;i++)s=a[i],e.source===s.contentWindow&&(s.removeAttribute(\"style\"),\"height\"===t.message?(1e3<(r=parseInt(t.value,10))?r=1e3:~~r<200&&(r=200),s.height=r):\"link\"===t.message&&(r=new URL(s.getAttribute(\"src\")),n=new URL(t.value),c.test(n.protocol))&&n.host===r.host&&l.activeElement===s&&(d.top.location.href=t.value))}},d.addEventListener(\"message\",d.wp.receiveEmbedMessage,!1),l.addEventListener(\"DOMContentLoaded\",function(){for(var e,t,s=l.querySelectorAll(\"iframe.wp-embedded-content\"),r=0;r<s.length;r++)(t=(e=s[r]).getAttribute(\"data-secret\"))||(t=Math.random().toString(36).substring(2,12),e.src+=\"#?secret=\"+t,e.setAttribute(\"data-secret\",t)),e.contentWindow.postMessage({message:\"ready\",secret:t},\"*\")},!1)))}(window,document);\n\/* ]]> *\/\n<\/script>\n","description":"Bredin Prat is pleased to announce that the following lawyers have been appointed as Counsel with effect from 1\u00a0January 2026: Ferdinand Barb\u00e9, Cyril Courbon and Paul Worms (Corporate), Samuel Daniau and Laura Montagnier (Litigation), Beno\u00eet Delort (Restructuring), Amaury de Galbert, Kevin Guillou and Fran\u00e7oise Panel (Tax Law), Sarah Gicquel (Digital Law and Intellectual Property) and Arnaud Mailhos (White Collar Criminal Defence)."}

Bredin Prat is pleased to announce that the following lawyers have been appointed as Counsel with effect from 1 January 2026: Ferdinand Barbé, Cyril Courbon and Paul Worms (Corporate), Samuel Daniau and Laura Montagnier (Litigation), Benoît Delort (Restructuring), Amaury de Galbert, Kevin Guillou and Françoise Panel (Tax Law), Sarah Gicquel (Digital Law and Intellectual Property) and Arnaud Mailhos (White Collar Criminal Defence).
